hat is -46890 - -2?
-4688b
In base 6, what is -13054 + 3?
-13051
In base 13, what is -56 + -8427?
-8480
In base 13, what is -1ba + a00?
813
In base 16, what is -403 - 690?
-a93
In base 8, what is 1266 - 11?
1255
In base 10, what is -3 - 204403?
-204406
In base 3, what is 2211001112 - -1?
2211001120
In base 6, what is -21 - -5104?
5043
In base 15, what is 3 - -5bd5?
5bd8
In base 2, what is -11100011110 - -11110110?
-11000101000
In base 5, what is 341112 + 4321?
400433
In base 5, what is -3 + 133312313?
133312310
In base 4, what is 13201101 + 11?
13201112
In base 2, what is 101000011 - -10010101101111?
10011010110010
In base 15, what is -131 + -84?
-1b5
In base 12, what is 3b0784 + 1?
3b0785
In base 12, what is 2341 - -10?
2351
In base 4, what is 1110 + -12113?
-11003
In base 8, what is 51 + -1455?
-1404
In base 11, what is -21384 + 2?
-21382
In base 16, what is 27d3 + 6?
27d9
In base 6, what is 21410 - -205?
22015
In base 11, what is 15a + 13a98?
14147
In base 11, what is -313 - 4983?
-5196
In base 9, what is -517 - -6127?
5510
In base 14, what is a9d - 3c?
a61
In base 15, what is -10949 + -19?
-10963
In base 10, what is 20 - 6459?
-6439
In base 6, what is 2 - 422051?
-422045
In base 15, what is -45 - -13633?
135dd
In base 12, what is -a57388 + 0?
-a57388
In base 16, what is -5e + -1a2?
-200
In base 2, what is 100100 + -100101?
-1
In base 13, what is 7 - -165aac?
165ab6
In base 6, what is 30 + 501045?
501115
In base 8, what is -44725 + -201?
-45126
In base 8, what is -24 - -7334?
7310
In base 8, what is -3 - -32724?
32721
In base 3, what is -12 - -10220200221?
10220200202
In base 8, what is 501 + -4543?
-4042
In base 11, what is 2 + -33551?
-3354a
In base 11, what is -32 + -195a8?
-1962a
In base 15, what is 305ee - 7?
305e7
In base 4, what is 3231 + -23211?
-13320
In base 4, what is -113233 - 21?
-113320
In base 11, what is -28801 - -1?
-28800
In base 16, what is -11 - 175?
-186
In base 4, what is -11 - 11102200021?
-11102200032
In base 5, what is 3144 - 1334?
1310
In base 15, what is 3 + -deb5?
-deb2
In base 12, what is -154991 + 6?
-154987
In base 7, what is -1053 - -411?
-342
In base 4, what is -1131033310 - 2?
-1131033312
In base 9, what is -6567 - 7?
-6575
In base 14, what is 0 - 38384?
-38384
In base 6, what is -50 - 1533?
-2023
In base 8, what is 36 - 3610?
-3552
In base 7, what is 2063 + 45?
2141
In base 11, what is 114 + -1a61?
-1948
In base 7, what is 1503411 + -5?
1503403
In base 9, what is -23645 + -5?
-23651
In base 12, what is 2b4 + -1269?
-b75
In base 15, what is 4e5 + -c2?
423
In base 16, what is 1526 - 1?
1525
In base 7, what is 641 + -156?
452
In base 15, what is 680c - -6?
6813
In base 8, what is 2422 + -16?
2404
In base 11, what is 1a9 - 55?
154
In base 6, what is -141 - 1312?
-1453
In base 5, what is -1 + -441343?
-441344
In base 15, what is -79e + 0?
-79e
In base 10, what is 133123 + 4?
133127
In base 7, what is 1421 + -545?
543
In base 6, what is 22 - -10425?
10451
In base 8, what is -40154 + -26?
-40202
In base 15, what is 2 - 120d7a?
-120d78
In base 14, what is -676d1 - -3?
-676cc
In base 6, what is 2 - 14430035?
-14430033
In base 10, what is 5546 - 4?
5542
In base 9, what is -14707 + -10?
-14717
In base 13, what is 0 + -5a89?
-5a89
In base 2, what is 101111110 + -1111001?
100000101
In base 7, what is -251 - -16535?
16254
In base 14, what is -11cdd + 2c?
-11cb1
In base 3, what is 10 - 1210000?
-1202220
In base 8, what is 7400 - 21?
7357
In base 7, what is 22303 - 0?
22303
In base 3, what is 10 - 101200010?
-101200000
In base 14, what is 6d - 39?
34
In base 13, what is -1072 + -a9?
-114b
In base 8, what is -2 + -21403?
-21405
In base 3, what is -12100212020 + -10?
-12100212100
In base 12, what is 370 + 288?
638
In base 4, what is 0 + 11013323?
11013323
In base 9, what is -1688 - 780?
-2578
In base 7, what is 1543 - -2?
1545
In base 3, what is 2 + 21212020002?
21212020011
In base 9, what is 44142 - -6?
44148
In base 16, what is 110ba - -37?
110f1
In base 14, what is 2b0 - -2c6?
596
In base 7, what is 1331 + 23522?
25153
In base 11, what is -a + 2920?
2911
In base 12, what is 82a5 - -2?
82a7
In base 16, what is -1f1 - 796?
-987
In base 6, what is 20454 + -131?
20323
In base 10, what is 3 - -12351?
12354
In base 12, what is 1287 - -6?
1291
In base 8, what is 5 + 117307?
117314
In base 14, what is -a758b6 - 4?
-a758ba
In base 5, what is 300 - -140130?
140430
In base 12, what is -21ab440 + 4?
-21ab438
In base 14, what is 12c + 21?
14d
In base 2, what is -10100010011101100110 + 11?
-10100010011101100011
In base 11, what is 12947 + 4?
12950
In base 8, what is 36 + -10057?
-10021
In base 6, what is -3124324 - -3?
-3124321
In base 7, what is 31160 + 1044?
32234
In base 10, what is -7 - -5794?
5787
In base 11, what is -2 + -25712?
-25714
In base 10, what is -47 + -599?
-646
In base 3, what is 110112101 + 101022?
110220200
In base 2, what is -10000100 + -11010010?
-101010110
In base 2, what is 11000101001111000010111 + 11?
11000101001111000011010
In base 8, what is -6240 + -137?
-6377
In base 10, what is -13772 - 15?
-13787
In base 7, what is 12620 + 1?
12621
In base 5, what is 11240 - -22300?
34040
In base 2, what is -111101000110 - 100000110?
-1000001001100
In base 15, what is -10b + -d2?
-1dd
In base 11, what is 475318 + -2?
475316
In base 3, what is -122 + 1212102?
1211210
In base 12, what is -10704 - -4?
-10700
In base 10, what is -11843 + 3?
-11840
In base 4, what is -102 - 122320?
-123022
In base 3, what is -11 + -212010010?
-212010021
In base 4, what is -1320222 - 13?
-1320301
In base 9, what is 0 + -151722?
-151722
In base 8, what is 56736 + -1?
56735
In base 8, what is -206 - -43?
-143
In base 6, what is 114 - 423?
-305
In base 10, what is -43 + -180?
-223
In base 8, what is -5 - -24342?
24335
In base 6, what is -10 + 355320?
355310
In base 9, what is 15452 - -72?
15534
In base 3, what is 11 - -1111210122?
1111210210
In base 4, what is -223 + 33232?
33003
In base 4, what is 0 + -113221012?
-113221012
In base 3, what is 1111112 + -100?
1111012
In base 8, what is -20016 + 26?
-17770
In base 7, what is -1151 + -210?
-1361
In base 14, what is -17 + d55cd?
d55b6
In base 4, what is -10 - 10012033?
-10012103
In base 13, what is -a - 3c19?
-3c26
In base 6, what is 4 + 415444?
415452
In base 4, what is 2100 + 10300?
13000
In base 5, what is -4 + -224140240?
-224140244
In base 16, what is -de - -5c?
-82
In base 8, what is -10 - 1061?
-1071
In base 6, what is 14 + 2055255?
2055313
In base 6, what is 4 + -2432222?
-2432214
In base 16, what is 1be + -11e?
a0
In base 5, what is -24 - -2110132?
2110103
In base 15, what is -dca + c?
-dbd
In base 2, what is -1001010 + 100000011100?
11111010010
In base 3, what is -120100 - -21101001?
20210201
In base 8, what is 145 + -1154?
-1007
In base 3, what is 10001101212 + 10?
10001101222
In base 9, what is -1 - -120486?
120485
In base 16, what is 4 - acee?
-acea
In base 13, what is 2 + -27174b?
-271749
In base 3, what is -102 + 222020112222?
222020112120
In base 14, what is 5 - -40910?
40915
In base 8, what is 572 + 10557?
11351
In base 4, what is 3 - 13030202?
-13030133
In base 3, what is 201 + 1110212?
1111120
In base 8, what is 53 + 10663?
10736
In base 10, what is 1372 - 225?
1147
In base 16, what is -2 + -145?
-147
In base 15, what is -446 + -2d?
-474
In base 4, what is 20 - -210212?
210232
In base 10, what is 607 + -775?
-168
In base 9, what is 16176 - 36?
16140
In base 12, what is -a18 + -5?
-a21
In base 3, what is -22 + -2210211?
-2211010
In base 8, what is 25302 - -47?
25351
In base 14, what is d + -631b?
-630c
In base 8, what is 743024 + -13?
743011
In base 8, what is 3 + -10745?
-10742
In base 5, what is 1300 - 100?
1200
In base 6, what is -5 - -2400412?
2400403
In base 2, what is 101110111011011 - -1000110?
101111000100001
In base 13, what is -34 - 39a?
-401
In base 9, what is -556656 - -5?
-556651
In base 3, what is -10100 - -2020?
-1010
In base 5, what is -241 + 33403?
33112
In base 3, what is -202021110000122 - 10?
-202021110000202
In base 7, what is -3 + 255511?
255505
In base 3, what is 2 - -11002222110?
11002222112
In base 4, what is 1 + 10000231?
10000232
In base 3, what is 2 - 10010022210?
-10010022201
In base 14, what is -b1bc + -98?
-b276
In base 4, what is -223030 + 11222